 15?
3
What is the greatest common factor of 1029 and 133917?
147
What is the greatest common factor of 166000 and 72000?
2000
Calculate the highest common divisor of 139 and 10147.
139
What is the highest common factor of 80 and 36130?
10
What is the greatest common divisor of 55 and 464893?
11
Calculate the highest common divisor of 7896 and 18312.
168
What is the highest common divisor of 144 and 7911?
9
What is the highest common divisor of 1470 and 115?
5
What is the highest common divisor of 322535 and 771?
257
What is the highest common divisor of 485 and 679?
97
Calculate the highest common divisor of 669 and 3651402.
669
What is the greatest common factor of 510 and 10880?
170
Calculate the highest common divisor of 81869 and 1.
1
Calculate the greatest common divisor of 1780 and 43580.
20
What is the highest common divisor of 5547 and 32379?
129
What is the highest common divisor of 18 and 3946?
2
What is the highest common factor of 42292 and 30956?
436
What is the highest common divisor of 13262 and 11153?
19
What is the greatest common factor of 2346414 and 69?
69
Calculate the highest common divisor of 5174 and 18706.
398
What is the highest common divisor of 855 and 10944?
171
What is the highest common factor of 19145 and 280?
35
What is the greatest common factor of 10064 and 1036?
148
Calculate the highest common divisor of 89165 and 1139.
17
What is the highest common factor of 5249 and 203?
29
Calculate the highest common factor of 3869 and 10731.
73
Calculate the greatest common divisor of 72 and 1026.
18
Calculate the highest common divisor of 138 and 1171896.
138
What is the greatest common factor of 42 and 175623?
21
Calculate the greatest common divisor of 3174 and 14226.
6
What is the greatest common factor of 104 and 16107?
13
What is the highest common factor of 9 and 1517493?
3
What is the greatest common factor of 63450 and 775?
25
Calculate the highest common factor of 405 and 281160.
45
What is the highest common divisor of 854 and 241438?
122
What is the greatest common factor of 2782010 and 6160?
770
What is the highest common divisor of 27695 and 11460?
955
What is the greatest common divisor of 19257 and 1911?
147
What is the highest common divisor of 3978 and 384462?
234
Calculate the highest common factor of 18136 and 22.
2
What is the greatest common factor of 777 and 63?
21
What is the highest common divisor of 213 and 77603?
71
Calculate the greatest common factor of 137 and 1033117.
137
What is the highest common divisor of 302643 and 297?
297
What is the greatest common factor of 30687 and 27030?
159
Calculate the highest common factor of 321716 and 4.
4
Calculate the highest common factor of 70 and 865025.
35
Calculate the highest common factor of 818873 and 58.
29
What is the greatest common factor of 208 and 45500?
52
What is the greatest common factor of 1069958 and 356?
178
Calculate the greatest common divisor of 5500 and 369875.
1375
Calculate the greatest common factor of 8640 and 22240.
160
Calculate the greatest common divisor of 71133 and 58950.
393
What is the highest common factor of 3819 and 228?
57
Calculate the greatest common factor of 22 and 1064778.
22
What is the highest common factor of 1665 and 228660?
555
What is the highest common factor of 8740 and 9500?
380
What is the greatest common factor of 279 and 2421?
9
Calculate the highest common factor of 64680 and 291648.
1176
Calculate the greatest common divisor of 64897 and 38227.
889
What is the greatest common factor of 96 and 196584?
24
What is the highest common divisor of 17 and 746?
1
What is the greatest common factor of 5658 and 11454?
138
What is the greatest common factor of 11 and 33165?
11
Calculate the highest common divisor of 1430 and 1690.
130
What is the highest common factor of 2310 and 197340?
330
What is the greatest common divisor of 5049 and 229449?
561
Calculate the highest common divisor of 95 and 3686.
19
What is the greatest common factor of 120083 and 4313?
227
What is the greatest common divisor of 1050 and 315525?
525
Calculate the greatest common factor of 142 and 29938.
2
What is the highest common factor of 187 and 8619?
17
What is the highest common divisor of 777000 and 63?
21
What is the greatest common factor of 63 and 271257?
21
What is the highest common divisor of 5457 and 14127?
51
Calculate the greatest common divisor of 8 and 1233432.
8
Calculate the greatest common divisor of 4898 and 14942.
62
Calculate the highest common divisor of 1908 and 2440968.
636
What is the highest common divisor of 96 and 425028?
12
What is the greatest common factor of 297 and 54087?
33
Calculate the highest common divisor of 48906 and 114.
114
Calculate the highest common divisor of 1170 and 5395.
65
What is the highest common factor of 1092 and 14560?
364
What is the greatest common divisor of 1796820 and 12?
12
Calculate the greatest common factor of 361 and 47291.
361
Calculate the highest common divisor of 2565 and 2061.
9
Calculate the highest common divisor of 26543 and 11.
11
What is the highest common divisor of 667 and 36917?
29
Calculate the highest common divisor of 108 and 102087.
27
What is the highest common factor of 323 and 8987?
19
Calculate the greatest common factor of 1448400 and 120.
120
Calculate the greatest common factor of 54963 and 81.
9
What is the greatest common factor of 83321 and 7?
7
Calculate the highest common factor of 220 and 8560.
20
Calculate the highest common divisor of 164 and 8812.
4
What is the greatest common divisor of 41535 and 18720?
585
Calculate the greatest common factor of 5210 and 81797.
521
Calculate the greatest common divisor of 39138 and 24.
6
What is the highest common divisor of 230342 and 14?
14
What is the greatest common divisor of 106264 and 296?
296
What is the greatest common divisor of 4693 and 2717?
247
Calculate the highest common divisor of 137372 and 6954.
122
Calculate the greatest common divisor of 234 and 2053246.
26
Calculate the highest common factor of 684060 and 13.
13
Calculate the greatest common factor of 760 and 40888.
152
Calculate the greatest common divisor of 159138 and 5670.
378
What is the greatest common factor of 147 and 234857?
49
Calculate the highest common factor of 506448 and 96.
48
Calculate the greatest common divisor of 18017 and 838.
419
Calculate the greatest common divisor of 494483 and 11.
11
Calculate the greatest common divisor of 1142910 and 162.
162
Calculate the highest common divisor of 4367316 and 48.
12
What is the greatest common factor of 15 and 1005?
15
Calculate the greatest common factor of 2450 and 239708.
98
Calculate the greatest common factor of 1118 and 1742.
26
Calculate the highest common divisor of 45 and 143973.
9
Calculate the greatest common divisor of 194172 and 132.
132
Calculate the greatest common divisor of 468176 and 232.
232
What is the greatest common factor of 80 and 28176?
16
Calculate the highest common divisor of 56832 and 62976.
1536
What is the greatest common factor of 66836 and 176?
44
Calculate the greatest common divisor of 1305 and 24331.
29
Calculate the greatest common divisor of 365082 and 852.
426
What is the highest common factor of 797016 and 16?
8
What is the highest common divisor of 10742 and 656?
82
What is the greatest common divisor of 5592 and 20271?
699
Calculate the greatest common divisor of 50681 and 1829.
59
What is the highest common divisor of 4061 and 1048?
131
Calculate the highest common divisor of 23047 and 57.
19
What is the greatest common divisor of 1387 and 209?
19
What is the greatest common factor of 27576 and 1212?
12
Calculate the greatest common factor of 2218 and 22.
2
What is the highest common divisor of 5292 and 4508?
196
Calculate the greatest common divisor of 1080 and 290640.
120
Calculate the highest common factor of 46479 and 3.
3
Calculate the highest common factor of 207641 and 5.
1
What is the highest common divisor of 76 and 36499?
19
What is the highest common divisor of 13405 and 3045?
35
Calculate the highest common divisor of 371 and 1431.
53
What is the greatest common factor of 227760 and 1794?
78
Calculate the highest common divisor of 740 and 895.
5
What is the greatest common divisor of 21443 and 9799?
41
Wh